factors of w?
5
List the prime factors of (-123)/(3 - 0)*225/(-15).
3, 5, 41
What are the prime factors of 5 - -1 - 1 - (-214 - -61)?
2, 79
Suppose -4*q + 774 = -q. Suppose q = 5*s - g, 7*g + 165 = 3*s + 3*g. What are the prime factors of s?
3, 17
Suppose 6*y - 19 = 5. Suppose y*m = 5*g + 69, 4*g - 50 = -3*m + 25. List the prime factors of m.
3, 7
Suppose 0 = -2*z - 7 + 45. Let s = z + -16. Suppose -s*d + 3*k + 16 = -26, -5*d + 4*k = -68. What are the prime factors of d?
2, 3
Let a(x) be the third derivative of -x**6/120 + 11*x**5/60 + x**4/12 - x**3/6 - 2*x**2. What are the prime factors of a(11)?
3, 7
What are the prime factors of -119*(11/(-4))/(28/96)?
2, 3, 11, 17
Suppose -5*y + 3*z = -1198, -5*z + 169 = -5*y + 1359. List the prime factors of y.
2, 11
Let i(l) = -4*l**2 - 15*l - 7. Let v(n) = -3*n**2 - 16*n - 7. Let t(d) = 4*i(d) - 5*v(d). List the prime factors of t(18).
43
Let p = -17 - -24. Suppose -9 - p = 2*l. What are the prime factors of ((-15)/(-10))/((-2)/l)?
2, 3
Let k be ((-1284)/24)/(1/(-4)). Suppose -5*q + 4*u + 214 = 0, -5*q - 4*u + k = 8. Suppose 0 = 8*i + q - 178. What are the prime factors of i?
17
Let o(z) = z**3 - 11*z**2 - 3*z - 4. Let a be o(13). Suppose 0 = -0*q - 3*q + f + 177, 0 = 5*q + 3*f - a. What are the prime factors of q?
59
Let w(v) = -6*v + 7 + 5*v**2 - 12 - 6*v**2 + 2*v**2. Let o be w(7). Suppose 2*h - o = 2. What are the prime factors of h?
2
Let d(n) = -n**2 + 25*n + 45. What are the prime factors of d(13)?
3, 67
Let x(j) = j**3 + 5*j**2 - 2*j - 5. Suppose -4*c + 4 = 5*q, 2*c = -6 - 2. Suppose -q = 2*b + 4. What are the prime factors of x(b)?
19
Let d be 124/10 - 2/5. Let r be d/(-48)*(3 + 1). What are the prime factors of 4116/70 - r/5?
59
Let m(y) be the third derivative of y**5/60 + y**4/8 + 2*y**3/3 - 7*y**2. Let u be m(-2). Suppose -u*x = -27 + 11. List the prime factors of x.
2
Let x(v) = v**3 + 36*v**2 - 44*v - 72. List the prime factors of x(-37).
11, 17
Let j(f) be the first derivative of f**3/3 - 3*f**2 - f - 51. Suppose 0 = l + 3*l - 32. List the prime factors of j(l).
3, 5
Let u = -296 - -5229. List the prime factors of u.
4933
Let c = -103 + 326. List the prime factors of c.
223
Suppose 30*f - 21*f = 5193. What are the prime factors of f?
577
What are the prime factors of 4 - (-477 + -6)*1?
487
Suppose 10*h - 20 - 10 = 0. Suppose 0 = -h*t + u + 575, -5*u - 392 = -5*t + 3*t. What are the prime factors of t?
191
Let g be (-3 - 0)/((-12)/(-8)). Let u(h) = -9*h - 2. Let t(q) = -9*q - 1. Let z(y) = g*t(y) + 3*u(y). List the prime factors of z(-5).
41
Let c be (-132)/((-11)/(-6) - 6/3). Suppose 7*x = c + 342. What are the prime factors of x?
2, 3
Suppose 0 = -3*h + v + 238 + 68, 4*h - v - 407 = 0. Let p = 191 - h. List the prime factors of p.
2, 3, 5
Let k be (444/16)/3*2*14. Let w = k - 120. List the prime factors of w.
139
Suppose 3*j + 5*h - 592 = 784, -j = 2*h - 458. Suppose 6*b - 12*b + j = 0. List the prime factors of b.
7, 11
Let x = 11 - 5. Suppose 111*q - 113*q = -16. Let d = q - x. List the prime factors of d.
2
Let v = -78 + 81. Suppose w = 5*a + 17, 0 = -3*w + 4*a + 5 + 13. Suppose -w*i = -v*i + 19. What are the prime factors of i?
19
Let g(m) = 4*m + 41. Let h be g(-8). Suppose h*d - 1446 = 705. List the prime factors of d.
239
Let f(u) be the second derivative of u**4/12 + 4*u**3/3 + 7*u**2/2 - u. Let o be 4/(-4) + 0 + -9. List the prime factors of f(o).
3
Let y be (-20)/(-70) + 24/14. Suppose -4*d - 3*s = -3, 6 = 5*d + y*s - 3. What are the prime factors of 4 + 24 + (4 - d)?
29
Let f be (0 - (-4 - -3))*5. Let j(g) = g**2 + 8*g - 11. What are the prime factors of j(f)?
2, 3
Suppose -5*r = k, -4*k = 3*r - 2*r. Suppose k = -v - v - 2, 600 = 3*m - 3*v. What are the prime factors of m?
199
Suppose 0 = 2*d - 23 - 7. Suppose 3*l + d = 2*c, c + 4*c = -5*l - 25. Let p = 7 + l. List the prime factors of p.
2
Let q = 1781 + 948. List the prime factors of q.
2729
Suppose 2*u - u = -3*q + 3, 4 = q. Let d = u + 27. What are the prime factors of d?
2, 3
Suppose -2*q = y - 28, 3*y + 10 + 11 = q. What are the prime factors of q?
3, 5
List the prime factors of (1803/(-7))/(4/(-84)).
3, 601
Suppose -4*s = -h - 31, 2*s + 3*h = -9 + 42. What are the prime factors of 6/(-4)*(-2 - 84/s)?
17
Let g = -738 + 1292. List the prime factors of g.
2, 277
Let h(s) = -s**3 - 17*s**2 + 3*s + 17. Suppose 89 = -5*c - x, 2*c + 4*x = -2*c - 84. Let l be h(c). What are the prime factors of (12/8)/((-3)/l)?
17
Let o = 66 - 38. Let j = -54 + 95. Let t = j - o. List the prime factors of t.
13
Let z(o) = -o**3 - 5*o**2 - 3*o - 96. List the prime factors of z(-12).
2, 3, 79
Let n(y) = 482*y - 35. List the prime factors of n(5).
5, 19
List the prime factors of (1414 - 32) + (0 - -9).
13, 107
Let x = 24 + 381. List the prime factors of x.
3, 5
Let p be (-2)/3*(34 + 5). Let d = 110 + -126. Let q = d - p. What are the prime factors of q?
2, 5
Suppose 0 = -6*l - 107 + 365. List the prime factors of l.
43
Let t(y) = 38*y**2 + 4. Let d be t(2). Suppose -3*i - d = -4*i. List the prime factors of i.
2, 3, 13
Suppose -27724 = -10*u + 20486. What are the prime factors of u?
3, 1607
List the prime factors of -2 + 1100 + (54 - 54).
2, 3, 61
Let k = -495 + 1031. List the prime factors of k.
2, 67
Let g = -1 - 9. Let t(q) = -9*q**3 + 11*q**2 + 18*q + 22. Let j(b) = 5*b**3 - 5*b**2 - 9*b - 11. Let o(k) = 11*j(k) + 6*t(k). List the prime factors of o(g).
3, 7
Let d = -249 - -651. Suppose -2*i - i = -d. Suppose -4*u + i = 26. What are the prime factors of u?
3
Suppose -2*u = 3*u. Let w = u + 8. What are the prime factors of w?
2
Suppose -3*k = -3*v - 73 + 4, -k - 3*v = -11. Suppose -2*u - 112 = -2*n - k, 2*u - n = -90. Let q = 75 + u. What are the prime factors of q?
31
Suppose s = 2*n - 1404, -3 = 4*s + 5. List the prime factors of n.
701
Suppose -2*x - 12 = -2*n + x, 0 = -n - 5*x - 7. Suppose n*f = -3*k + 5*f + 55, 30 = 3*k + 3*f. List the prime factors of k.
3, 5
Let i(o) = o**3 - 7*o**2 - o - 16. List the prime factors of i(10).
2, 137
Let p = 148 + 977. List the prime factors of p.
3, 5
Let t(i) = i - 4. Let b be t(4). Suppose b*g = g + 5, 2*o - 78 = 4*g. List the prime factors of o.
29
Let i = 47 + 182. List the prime factors of i.
229
Suppose 0 = 5*o - 5*m - 4320, -4*o + 4645 - 1193 = -3*m. What are the prime factors of o?
2, 5, 43
Suppose -36 = 2*i - 208. Suppose -2*v + x + i = 0, 2*x = -4*v - 0*x + 180. What are the prime factors of v?
2, 11
What are the prime factors of -7*1 - (-287 + 11)?
269
Suppose 90 + 226 = 4*z. Let f = z + -18. What are the prime factors of f?
61
Let x = -274 - -577. List the prime factors of x.
3, 101
Let j(n) = -197*n + 2. List the prime factors of j(-6).
2, 37
What are the prime factors of 827 - (91/21 - (-1)/(-3))?
823
Suppose -3*u - 3 = -4*u. Suppose -i = 3, u*i + 0*i = f - 13. What are the prime factors of (-4)/((6 - f)/(-8))?
2
Let y(r) be the third derivative of -r**4/12 + r**3/6 - r**2. Let p be (0 - -1) + -7 + 0. List the prime factors of y(p).
13
What are the prime factors of (((-380)/(-25))/(-4))/(10/(-3950))?
19, 79
List the prime factors of 5 + (-8964)/(-21) - 2/(-14).
2, 3
List the prime factors of (-15442)/(-6) + (7 - (-23)/(-3)).
31, 83
Let n be ((-1)/3)/((-8)/48). Suppose m + 181 = k, -25 = n*m + 3*m. What are the prime factors of k?
2, 11
Suppose -2768 = -26*c + 18*c. What are the prime factors of c?
2, 173
Suppose -154*k = -39*k - 529115. List the prime factors of k.
43, 107
Let x(l) = -9*l - 18. Let t(z) = -3*z - 6. Let n(s) = -7*t(s) + 2*x(s). Suppose 11*a - 18 = 9*a. List the prime factors of n(a).
3, 11
Suppose -14*l + 687 = -13*l. What are the prime factors of l?
3, 229
Let y(h) = -34*h**3 - 13*h**2 - 23*h - 8. List the prime factors of y(-5).
2, 3, 7
Let k(p) = -7*p**3 - 13*p**2 + 16*p**3 + 1 + 6*p - 6*p**3 - 10. List the prime factors of k(5).
71
Let r = 412 + -215. What are the prime factors of r?
197
Suppose -p + 5*t - 17 = 0, -t - 2 = -3*p + 3. Suppose -p*w + w + 3*s = -19, 0 = -2*w - s + 23. What are the prime factors of w?
11
Suppose 0 = 2*x - 2 + 4, -r - 1 = 3*x. Let o(n) = 14*n**3 - 6*n**2 + 5*n - 2. List the prime factors of o(r).
2, 3
Suppose 5*o = 12*o - 3836. What are the prime factors of o?
2, 137
Let l = -1179 - -1811. What are the prime factors of l?
2, 79
Let v(j) 